3*s. What are the prime factors of (-47)/f - (-4)/14?
7
Let y = 4 + 0. Suppose 2*d - 44 = -y*l, 17 = 5*d - 2*l - 69. List the prime factors of d.
2, 3
Let q(m) = 110*m. Let r(n) = -5*n. Let b = -230 - -360. Let j(u) = b*r(u) + 6*q(u). What are the prime factors of j(1)?
2, 5
Suppose 5*b = 2*b + 15. Suppose x = f + 3*f - 15, -b*f - 2*x = -35. Suppose 78 - 3 = f*y. List the prime factors of y.
3, 5
Let p(m) = -m**2 + 9*m + 7. Suppose s = 3*s - 14. What are the prime factors of p(s)?
3, 7
Let s(v) = -v**2 + 5*v + 9. Let n be s(6). Let j(z) = -4 + 2*z + 5*z**2 - z**3 - 2*z. What are the prime factors of j(n)?
2, 7
Let v be 15/12 - 2/8. Suppose 2*i - v = -3*u, i = -4*u + 3*i + 20. Let y = 6 - u. What are the prime factors of y?
3
Let l = 212 - 121. What are the prime factors of l?
7, 13
Suppose 0 = f - 4, -7*f + 2*f - 4 = 4*j. Let h(c) be the first derivative of -c**4/4 - 7*c**3/3 - 4*c**2 - 2*c + 1. What are the prime factors of h(j)?
2, 5
List the prime factors of (-57)/(1/(-1)) - (4 - 4).
3, 19
Suppose -25 = -u + 19. List the prime factors of u.
2, 11
Suppose -2*a + 5*l - 1 = 0, -2*a - 4*l + 30 = -14. List the prime factors of a.
2, 3
Let f(k) = -k**3 - 3*k**2 + 3*k + 8. Let t(d) = -3*d**3 - 10*d**2 + 10*d + 23. Let x(m) = 8*f(m) - 3*t(m). List the prime factors of x(-6).
31
Let q(g) = 2*g - 10. Let a be q(7). Suppose 3*f - 5*s = 75, 0 = a*f - s - 3*s - 92. Suppose -f = -8*h + 3*h. What are the prime factors of h?
2
Let j(c) = -c + 10. What are the prime factors of j(-9)?
19
Let w(p) = -3*p + 12. Let y be w(8). Let b = y - -17. List the prime factors of (-4)/(-10) + 23/b.
5
Suppose 3*p - 63 = -4*w + w, -3*p - 45 = -3*w. Let t = w + -4. Suppose -u + 5*u - t = -l, -4*l + 56 = -2*u. What are the prime factors of l?
2, 7
Let i(s) = 63*s - 13. What are the prime factors of i(3)?
2, 11
Let d = -16 + 117. What are the prime factors of d?
101
Let w(p) = 3*p**2 - 3*p. Suppose -5*b + 2*b - 3*d = 0, -2*b - 3*d = 2. List the prime factors of w(b).
2, 3
Let k(f) = f**3 + 2*f**2 - 5*f + 3. Let v be k(3). Let d = -13 + v. What are the prime factors of d?
2, 5
Let y(i) = -i**3 + 6*i**2 - 5*i + 5. Let d be y(5). Suppose 0*n - 4*n = 2*p, -d*n = 3*p - 5. List the prime factors of p.
2, 5
Suppose 93 - 338 = -4*c - 3*f, 5*c + 2*f = 308. List the prime factors of c.
2, 31
Let g be 2 + (-13)/(-1 + 0). What are the prime factors of (-50)/g*(-18)/10?
2, 3
Suppose -2 = -2*d - 0. Let y = 5 - d. Suppose a = -y*g + 20, -g - a = 2*a + 6. What are the prime factors of g?
2, 3
Let c = 11 + 24. What are the prime factors of c?
5, 7
Let m(s) = -5*s**3 + s + 1. Let o be m(-1). Suppose -o*u = -4*d - 274, 0*u - d = -u + 55. List the prime factors of u.
2, 3
Let s(r) = 3*r - 53. Let n(i) = -i + 13. Let z(m) = 9*n(m) + 2*s(m). What are the prime factors of z(-7)?
2
Let f(o) = -298*o - 3. List the prime factors of f(-1).
5, 59
Let h(p) = 15*p + 8. What are the prime factors of h(5)?
83
Let n = -18 - -38. List the prime factors of n.
2, 5
Let a be (-5)/(-2)*16/10. Suppose 5*r - i - a - 37 = 0, 2*r + 3*i - 13 = 0. What are the prime factors of r?
2
Suppose 0 = -5*u - 10, 14 = 3*z - u - 3*u. Suppose 0*m + 8 = z*m. Suppose 3*k - 8 = -y + 8, -5*k = -m*y - 21. What are the prime factors of k?
5
Let o(w) be the first derivative of w**3/3 - 7*w**2/2 - 6*w + 1. What are the prime factors of o(8)?
2
List the prime factors of 8*(0 + -3 - (-74)/4).
2, 31
Let x be (-547)/(-3) + 1/(-3). Suppose -4*i - x = 98. What are the prime factors of -2*(i/(-4))/(-5)?
7
Suppose 4*f - 5 = -5*q, 0*f = -4*q + f + 4. Let m(s) = -1 + 19*s**3 - s**2 + 4 - 2. What are the prime factors of m(q)?
19
Suppose 7 = 3*n + 1. Suppose 4 - 10 = -n*k. What are the prime factors of k?
3
Let o(f) = f**3 + 8*f**2 + 9*f + 9. Let j be o(-6). Suppose 2*h + 4*u - 18 + 0 = 0, u = 4*h - j. What are the prime factors of h?
7
Suppose 0 = -4*u + 16, -u - 18 = 5*c - 3*c. Let o = 17 + c. List the prime factors of 8 + 1 + o/3.
11
Suppose 4*k = -2*j + 1204, -6*j - 308 = -k - 3*j. What are the prime factors of k?
2, 151
Suppose 3*b = -d - 2 - 2, 0 = -5*b - 10. Suppose 8 = d*u - 8. What are the prime factors of u?
2
Let p = -2 + 2. Suppose 0 = 3*t - 30. Suppose p*b - b = -t. List the prime factors of b.
2, 5
Let f = -18 + 12. Let x(l) = l**2 + 2*l. List the prime factors of x(f).
2, 3
Let k(n) = n**3 - 8*n**2 + 6*n + 10. Let m be k(7). Suppose 5*y + m = 78. List the prime factors of y.
3, 5
What are the prime factors of ((-12)/20)/((-2)/150)?
3, 5
Let j(c) = -c**3 + 5*c**2 - 3*c + 1. Let y be j(2). Suppose y*h = 4*h. List the prime factors of (-9)/(-1 + 0 - h).
3
Let g = -17 + 160. List the prime factors of (-12)/(-9) - g/(-3).
7
Let q be 35/3 - 4/6. Let t = 21 - q. List the prime factors of t.
2, 5
Suppose 0 = 3*n - 5*y + 71 - 16, -3*y = -3*n - 51. Let m = n + 33. What are the prime factors of m?
2, 3
Suppose 3*d + 16 = -d. Let r = d + 8. List the prime factors of r.
2
Let h = -10 + 10. Suppose 5*k = 2*u - 6, u - 1 = -5*k + 2. Suppose h*t + 36 = u*t + 3*m, m = 4*t - 58. What are the prime factors of t?
2, 7
Suppose 0*k - 32 = k + 4*b, 65 = -5*k - b. What are the prime factors of 0 + (4 - 2) - k?
2, 7
Let l(m) = 3*m**2 + 6*m - 5. Let t be l(-5). Suppose 2*b - z - 4 = z, 5*z = -5*b + t. List the prime factors of b.
5
Let m = -4 - -6. Suppose 0 = m*g - 0*g - 4. What are the prime factors of g?
2
Let z(c) be the third derivative of c**4/24 + 4*c**3/3 + c**2. What are the prime factors of z(-4)?
2
Suppose 0 = 5*t + 72 - 22. Let i(a) = -5*a - 9. Let k(s) = 4*s + 10. Let m(h) = -2*i(h) - 3*k(h). What are the prime factors of m(t)?
2
Let p be 1 + (1 - (0 + 0)). Let o = p + 0. Suppose -o*s + 16 - 6 = 0. List the prime factors of s.
5
Let d(s) = -s - 6. Let t be d(-4). What are the prime factors of -3 + 3 - (t - 32)?
2, 17
Let b be 0/((-1)/(-3)*3). Suppose b = -w + 3 + 29. Suppose -2*d - w = -2*q, 4*q - 64 = -q + d. List the prime factors of q.
2, 3
Let t = 20 - -65. What are the prime factors of t?
5, 17
Let j(p) = p**2 + 8*p + 7. Let f = 2 - 9. Let w be j(f). List the prime factors of w - (-16)/(5 - 3).
2
Let d = -67 - -135. What are the prime factors of d?
2, 17
Let x = 912 - 532. What are the prime factors of x?
2, 5, 19
Let u be 3/(-3 - 30/(-8)). Suppose -r + u = r. List the prime factors of r.
2
Let g(b) = -b**2 - 2*b. Let r be g(-2). Suppose 0 = -r*x + 2*x - 16. What are the prime factors of x?
2
Let f(v) = v**3 + 11*v**2 - 4*v + 7. What are the prime factors of f(-11)?
3, 17
Suppose g + 2 - 5 = 0. Let a be (-13)/(-3) - 1/g. Suppose 0 = 3*s - 4*m - 4, -4*m + 55 = a*s + 3. List the prime factors of s.
2
Suppose 2*m - 9 = -m. Suppose -m*d + 43 = y, 2*d + 0*d - 10 = 0. What are the prime factors of y?
2, 7
Let n = 271 + -181. List the prime factors of n.
2, 3, 5
Let i(j) = -4*j - 4. Let d be i(3). Let k = d - -29. What are the prime factors of k?
13
Let m = -6 + 4. Let v(h) = h**3 + h**2 + h + 2. Let w be v(m). Let c(b) = -b**2 - 6*b. List the prime factors of c(w).
2
Let j = -2 + 3. Suppose -5*d + 14 = -h, j + 2 = d. What are the prime factors of -2 - 4/((-1)/h)?
2
Suppose -l - 4*l = -195. What are the prime factors of l*1/(-9)*-6?
2, 13
Let w(q) = q**2 + 7*q - 9. What are the prime factors of w(-11)?
5, 7
Let j = -8 - -12. Suppose j*f - 2*k + 3*k - 29 = 0, k = 3*f - 20. What are the prime factors of f?
7
Let m(p) = -p**2 + 11*p - 6. List the prime factors of m(6).
2, 3
Let w be (-1)/4 - (-115)/(-20). Let q(i) = -i**2 - 5*i + 5. Let m be q(w). List the prime factors of -4*m/1*2.
2
Let u = 78 + -56. List the prime factors of u.
2, 11
Let f(s) = 5*s**2 + 53*s - 15. List the prime factors of f(-14).
223
What are the prime factors of (-3 + 0)/3*-263?
263
Let t(q) = -2*q**2 + 2 + 6 + q**2 - 5*q. Let a be t(-6). Suppose a*d + 10 = 4*d. What are the prime factors of d?
5
Let m(t) = -t**2 + 9*t + 13. Let n be m(10). Suppose 0 = -n*g + g. Suppose 0 = -j - g*j + 17. What are the prime factors of j?
17
Let z(v) = -v**3 + 5*v**2 + 2*v + 3. Suppose 2*k - 4 = 4. Let f be z(k). Suppose -y = -4*y + f. List the prime factors of y.
3
Let m = 20 - 8. Let t = m + -8. List the prime factors of t.
2
Let d(y) = 1 + 2*y**2 - 4*y + 3 - y**2 - 2*y. List the prime factors of d(8).
2, 5
Let s be (-210)/18 - 2/6. Let t = s + 21. List the prime factors of t.
3
Suppose -4*p 